ine u(2).
175
Let y(b) = 2*b**3 + 44*b**2 + 194*b + 44. Calculate y(-17).
-364
Let t(p) = -141*p + 557. What is t(5)?
-148
Let y(v) = 4*v**2 + 246*v - 362. Determine y(-63).
16
Let q(m) = -m**2 + 50*m + 1. Calculate q(54).
-215
Let y(u) = 22*u**3 + 2*u**2. Determine y(-1).
-20
Let a(g) = -32*g - 773. Determine a(-26).
59
Let k(m) = 91*m + 270. What is k(-1)?
179
Let f(p) = 2*p**3 - 9*p**2 - 9*p + 6. Calculate f(6).
60
Let s(f) = -9*f + 368. Give s(52).
-100
Let g(y) = -4*y**2 - 90*y + 57. Give g(-23).
11
Let j(m) = 26*m**2 - 129*m - 5. What is j(5)?
0
Let q(o) = -o**3 + 14*o**2 - 21*o - 20. What is q(10)?
170
Let b(n) = -26*n - 149. Give b(-6).
7
Let h(u) = 4*u**2 - 2*u - 12. What is h(4)?
44
Let x(f) = 9*f**2 + 5*f - 60. Determine x(4).
104
Let r(x) = -x**3 - 23*x**2 + 134*x + 2634. What is r(-24)?
-6
Let n(r) = -8*r - 137. What is n(57)?
-593
Let b(a) = -a**3 - 12*a**2 - 50*a - 433. Give b(-11).
-4
Let k(p) = -2*p**3 - 6*p**2 + 13*p + 23. Give k(-3).
-16
Let h(a) = 74*a + 1025. Determine h(-14).
-11
Let q(l) = -28*l + 81. Calculate q(5).
-59
Let f(h) = -3*h**3 - 76*h**2 - 20*h + 99. Calculate f(-25).
-26
Let i(r) = r**3 + 31*r**2 + 80*r - 59. Calculate i(-28).
53
Let d(l) = 22*l + 483. Give d(-11).
241
Let l(j) = -j**3 + 21*j**2 - 2*j + 53. Determine l(21).
11
Let w(r) = 2*r**2 - 3*r + 62. Calculate w(0).
62
Let p(f) = -27*f**3 + 3*f**2 - 15*f - 15. Determine p(-1).
30
Let j(k) = 93*k - 1740. Give j(21).
213
Let z(a) = -21*a**2 - 4537*a - 217. Calculate z(-216).
-1
Let w(g) = -g**2 + 38*g - 359. Determine w(22).
-7
Let d(a) = a**3 - 3*a**2 - 38*a + 132. Calculate d(5).
-8
Let i(p) = 36*p**3 + 74*p**2 + 5. Determine i(-2).
13
Let i(m) = -222*m - 1035. What is i(-4)?
-147
Let v(z) = 289*z - 810. Give v(3).
57
Let r(u) = 41*u + 2992. Give r(-73).
-1
Let a(s) = -4*s**2 + 68*s + 381. Determine a(20).
141
Let a(c) = 4*c**2 + 208*c + 936. What is a(-47)?
-4
Let z(y) = -16796*y - 16799. Determine z(-1).
-3
Let g(q) = q**3 + 10*q**2 + 28*q - 53. Calculate g(-8).
-149
Let h(w) = 2*w**2 + 12*w + 65. What is h(-5)?
55
Let w(p) = -73*p - 1740. Calculate w(-24).
12
Let h(s) = -2*s**3 + 3*s + 3. Determine h(2).
-7
Let o(g) = g**2 + 58*g + 121. Give o(-56).
9
Let z(u) = -u**3 - 5*u**2 + 2*u - 7. Give z(-5).
-17
Let z(x) = 2636*x + 11. What is z(0)?
11
Let t(x) = -204*x**3 + 40*x + 41. Determine t(-1).
205
Let f(b) = -18*b + 14. Determine f(3).
-40
Let v(g) = -g**2 + 84*g + 743. Determine v(92).
7
Let j(t) = 15*t**2 + 83*t - 50. Give j(-7).
104
Let y(s) = -129*s - 2067. Give y(-16).
-3
Let p(t) = -t**3 + 3*t**2 + 6*t - 7. Give p(4).
1
Let i(y) = -y**2 + 1213*y - 4850. What is i(4)?
-14
Let l(b) = 25*b - 391. Calculate l(28).
309
Let q(r) = -2*r**2 - 40*r - 8. Give q(-20).
-8
Let t(y) = -y**3 + 18*y**2 - 5*y + 65. Determine t(18).
-25
Let i(v) = -280*v - 1715. Give i(-6).
-35
Let s(u) = -46*u**3 - 17*u**2 - u + 3. What is s(1)?
-61
Let f(g) = -65*g + 1502. Determine f(23).
7
Let o(q) = 141*q - 11982. What is o(85)?
3
Let m(i) = -i**3 + 10*i**2 + 37*i - 248. Calculate m(11).
38
Let h(c) = -51*c - 3223. Determine h(-62).
-61
Let m(j) = 3*j**2 + 124*j + 637. Calculate m(-6).
1
Let z(g) = -3*g**3 - 53*g**2 - 39*g - 77. Give z(-17).
8
Let u(a) = 7*a**2 - 20*a - 72. Determine u(5).
3
Let v(d) = 3*d**2 + 573*d + 27330. What is v(-92)?
6
Let z(q) = 2*q**3 + 90*q**2 + 79*q - 381. What is z(-44)?
15
Let x(l) = 72*l - 1119. Determine x(16).
33
Let h(m) = -m**3 + 13*m**2 + 3*m - 15. Determine h(14).
-169
Let v(g) = 4*g**2 - 44. Calculate v(-4).
20
Let h(o) = -o**3 + 7*o**2 + 13*o + 36. What is h(9)?
-9
Let z(j) = 65*j - 238. Determine z(3).
-43
Let n(k) = -8579*k + 60051. What is n(7)?
-2
Let d(h) = -34*h**2 - 45*h - 179. Give d(-4).
-543
Let q(j) = 3*j**2 + 59*j + 45. Calculate q(-19).
7
Let c(n) = -9*n**2 + 199*n + 18. Give c(24).
-390
Let d(p) = -p**2 - 55*p - 73. What is d(6)?
-439
Let o(f) = -5*f**2 - 384*f - 162. Calculate o(-76).
142
Let v(u) = u**3 - 19*u**2 - 23*u + 88. Calculate v(20).
28
Let w(s) = 2*s**3 - 94*s**2 - 51*s - 2175. Calculate w(48).
-15
Let m(g) = -2*g**2 + 45*g + 271. What is m(-5)?
-4
Let u(r) = 3*r**3 - 10*r**2 + 18*r. Give u(2).
20
Let l(r) = 7*r**2 - 2*r + 20. Calculate l(4).
124
Let u(f) = f**3 + 4*f**2 - 23*f - 40. What is u(-8)?
-112
Let f(o) = -4908*o - 98187. What is f(-20)?
-27
Let o(n) = n**3 + 37*n**2 + 187*n + 31. Determine o(-31).
0
Let s(z) = -449*z + 460. Give s(1).
11
Let n(g) = g**3 + 50*g**2 + 174*g + 1537. Give n(-47).
-14
Let v(n) = -n - 38. Calculate v(-30).
-8
Let x(n) = 3*n**2 - 86*n + 251. Give x(21).
-232
Let d(l) = 3*l**2 + 3*l - 35. Calculate d(8).
181
Let a(z) = z**3 + 8*z**2 - 257*z - 2083. Determine a(-8).
-27
Let y(u) = 5*u**2 + 95. Calculate y(0).
95
Let u(c) = -3*c**3 - 14*c**2 - 18*c + 9. Give u(-3).
18
Let f(p) = p**3 + 21*p**2 - 44*p + 15. What is f(-23)?
-31
Let r(x) = x**2 + 92*x + 552. Calculate r(-85).
-43
Let r(d) = 5*d**2 - 22*d - 4. What is r(6)?
44
Let d(u) = 7*u**2 - 68*u - 239. Determine d(-4).
145
Let k(g) = -28*g**2 - 245*g - 336. Determine k(-7).
7
Let z(k) = -58*k**2 - 60*k + 22. Calculate z(-3).
-320
Let p(b) = b**3 + 8*b**2 - 16*b - 7. Calculate p(-8).
121
Let g(y) = 486*y + 8734. Give g(-18).
-14
Let j(i) = -1253*i - 8774. Determine j(-7).
-3
Let m(g) = 3*g**3 + 17*g**2 + 18*g - 6. What is m(-4)?
2
Let a(p) = -20*p + 34. Give a(-9).
214
Let u(s) = 64*s + 910. Calculate u(-14).
14
Let t(u) = -u**3 + 8*u**2 - 19*u + 96. Determine t(5).
76
Let i(y) = -42*y - 2347. Give i(-57).
47
Let b(g) = 529*g + 1944. Calculate b(-4).
-172
Let a(g) = g**3 + 12*g**2 - 90*g - 874. Give a(-14).
-6
Let f(l) = -320*l - 7687. Determine f(-24).
-7
Let o(n) = n**3 + 88*n**2 + 1044*n + 584. Determine o(-74).
-8
Let b(r) = -r**3 - 96*r**2 + 404*r + 164. Give b(-100).
-236
Let k(u) = 5*u**2 + 176*u - 1206. What is k(6)?
30
Let o(y) = 3*y**2 + 132*y - 431. Calculate o(-47).
-8
Let x(n) = 11*n + 469. Calculate x(-45).
-26
Let z(s) = -s**3 - 5*s**2 - 16*s + 28. Determine z(-5).
108
Let t(d) = d**3 + 35*d**2 + d - 55. What is t(-35)?
-90
Let w(n) = -n**2 + n + 1989. Determine w(-45).
-81
Let r(l) = 72*l - 137. What is r(2)?
7
Let a(g) = g**3 - 15*g**2 + 40*g - 34. What is a(12)?
14
Let m(o) = 8*o + 181. Give m(-11).
93
Let p(n) = 3*n**2 - 6. Give p(1).
-3
Let k(c) = 25*c**3 + 4*c**2 - 5*c + 2. What is k(1)?
26
Let p(g) = 8*g - 379. Calculate p(13).
-275
Let b(l) = -l**3 + 12*l**2 - 2*l - 86. Give b(11).
13
Let n(k) = -24*k + 45. Give n(16).
-339
Let s(b) = -b**3 + 36*b**2 - 75*b + 239. Calculate s(34).
1
Let o(t) = 4*t**3 + 46*t**2 + 27*t + 25. Give o(-11).
-30
Let h(a) = -6*a**2 + 295*a - 607. Calculate h(47).
4
Let b(m) = -m**2 + 131*m + 538. Determine b(-4).
-2
Let m(k) = 4*k**3 - 187*k**2 - 42*k + 115. Give m(47).
350
Let p(o) = o**2 - 61*o - 161. Calculate p(64).
31
Let m(k) = 411*k - 357. Calculate m(1).
54
Let h(k) = -k**3 - 13*k**2 - 5*k - 47. Calculate h(-13).
18
Let t(n) = n**3 + 13*n**2 + 19*n - 3. Calculate t(-10).
107
Let i(u) = -u**3 + 4*u**2 - 17*u + 123. What is i(5)?
13
Let c(r) = -r**2 + 12*r - 106. What is c(16)?
-170
Let v(t) = -33*t + 41. Determine v(-1).
74
Let h(n) = 19*n - 494. What is h(18)?
-152
Let s(a) = -490*a - 22537. What is s(-46)?
3
Let t(k) = -233*k + 3200. Determine t(14).
-62
Let u(s) = s**3 - 7*s**2 - 23*s + 9. Calculate u(11).
240
Let u(p) = -13*p**3 + 2*p**2 - 23*p + 28. Give u(2).
-114
Let c(h) = h**3 - h**2 - 151*h + 763. Calculate c(8).
3
Let s(j) = 5*j**2 + 19*j - 601. Calculate s(-13).
-3
Let p(v) = 23*v - 586. Give p(24).
-34
Let y(s) = 4*s**2 + 10*s + 33. Determine y(-10).
333
Let i(s) = -s**3 - 95*s**2 + 75*s - 2054. Determine i(-96).
-38
Let k(h) = -h**2 + 1201*h - 3590. Calculate k(3).
4
Let x(v) = -53*v + 5214. What is x(89)?
497
Let w(m) = -506*m - 1651. Determine w(-3).
-133
Let o(i) = 497*i - 16887. Calculate o(34).
11
Let c(z) = z**2 - 4*z - 2099. Calculate c(48).
13
Let n(q) = 702*q - 5. Calculate n(0).
-5
Let j(u) = -8*u**2 + 461*u + 168. Determine j(58).
-6
Let v(m) = 2*m**3 - 18*m**2 - 314*m - 124. Give v(18).
56
Let o(d) = d**3 + 117*d**2 - 127*d - 952. Calculate o(-118).
110
Let i(w) = -2*w**2 - 14291*w - 128454. Calculate i(-9).
3
Let x(y) = -6*y**2 - 135*y - 66. What is x(-22)?
0
Let b(s) = s**3 + 43*s**2 - 46*s - 111. Give b(-44).
-23
Let n(k) = 73*k + 1793